common factor of 1760 and 14002780?
220
Calculate the highest common divisor of 310460 and 178980.
380
Calculate the greatest common divisor of 7305415 and 4841330.
10855
Calculate the highest common divisor of 1002386 and 14508844.
3962
Calculate the highest common factor of 49 and 182350462.
49
Calculate the greatest common divisor of 27945 and 5051490.
345
What is the highest common factor of 1834 and 23389730?
14
Calculate the greatest common factor of 193374857 and 1027.
1027
Calculate the greatest common factor of 1225 and 6915425.
25
What is the highest common factor of 1706630646 and 119?
119
Calculate the highest common divisor of 3290 and 6126826.
94
Calculate the greatest common divisor of 8542315 and 80.
5
Calculate the greatest common factor of 7909 and 75427.
11
What is the highest common factor of 7299082 and 448?
14
What is the greatest common divisor of 10208835 and 11080?
1385
Calculate the greatest common factor of 29313856 and 1716.
572
Calculate the highest common divisor of 46632794 and 52.
26
What is the greatest common divisor of 110474525 and 371?
371
What is the greatest common factor of 4341828 and 614676?
2172
Calculate the greatest common divisor of 1249079 and 234.
13
What is the greatest common factor of 32 and 16597456?
16
Calculate the highest common factor of 70 and 9466618.
14
What is the highest common factor of 9216 and 644544?
576
Calculate the highest common divisor of 284821221 and 134.
67
What is the highest common divisor of 1152292 and 1358252?
1084
What is the greatest common divisor of 18860 and 1427620?
820
What is the greatest common factor of 1143 and 38568122?
127
What is the highest common divisor of 10672411 and 2?
1
Calculate the highest common factor of 581566955 and 2885.
2885
What is the highest common divisor of 3190619 and 6227?
479
Calculate the greatest common factor of 22680 and 112305.
15
What is the highest common factor of 840 and 6055490?
70
What is the greatest common divisor of 180 and 220892730?
30
Calculate the highest common factor of 309 and 67684493.
103
Calculate the highest common factor of 54573960 and 15960.
840
Calculate the greatest common factor of 3211 and 7666139.
247
Calculate the greatest common factor of 233882400 and 1748.
1748
What is the greatest common factor of 68425 and 14189?
7
Calculate the greatest common factor of 3059834 and 26.
2
Calculate the greatest common divisor of 1527120 and 21715.
505
What is the greatest common divisor of 97042 and 15246?
242
Calculate the greatest common divisor of 1897 and 684727841.
1897
What is the greatest common factor of 364974 and 222489?
177
Calculate the highest common divisor of 13407861 and 285114.
7503
Calculate the greatest common factor of 156955189 and 8139.
2713
What is the greatest common divisor of 33297700 and 85734?
866
Calculate the greatest common divisor of 140 and 11831360.
20
What is the greatest common divisor of 277327 and 533432?
131
What is the highest common factor of 95496 and 1003054?
346
What is the highest common factor of 36 and 539420?
4
What is the highest common divisor of 12750424 and 12896?
248
What is the greatest common factor of 65 and 2676747385?
65
What is the greatest common factor of 429 and 579067203?
429
What is the greatest common divisor of 28 and 618038?
2
What is the highest common divisor of 3040 and 73130848?
608
What is the greatest common divisor of 642 and 12012141?
321
Calculate the highest common factor of 273570302 and 1727.
157
What is the greatest common divisor of 5394 and 2330962?
58
What is the highest common divisor of 4338545 and 1160?
145
What is the greatest common factor of 14544 and 15704490?
606
What is the highest common divisor of 501168 and 3211888?
3152
What is the highest common factor of 1505 and 12306815?
215
What is the highest common factor of 41487722 and 46?
46
What is the highest common divisor of 43809456 and 240?
48
What is the highest common divisor of 1188 and 8062362?
594
What is the highest common factor of 5259605 and 7020?
65
Calculate the highest common divisor of 299888404 and 1263.
421
What is the greatest common factor of 23044551 and 8606?
331
What is the highest common factor of 107 and 33981381?
107
Calculate the greatest common factor of 18853780 and 1892.
1892
What is the highest common factor of 39960 and 24753?
111
What is the greatest common divisor of 11984 and 460336?
16
Calculate the highest common divisor of 319 and 4022689.
11
Calculate the greatest common factor of 48 and 267568.
16
What is the greatest common divisor of 120 and 8043636?
12
What is the highest common divisor of 78728931 and 1656?
207
What is the highest common divisor of 11200 and 69066200?
1400
Calculate the highest common factor of 13778 and 96529.
83
Calculate the highest common divisor of 253652 and 889.
7
What is the highest common divisor of 2740 and 2617680?
20
Calculate the highest common divisor of 195133726 and 1549.
1549
Calculate the greatest common factor of 6060 and 1139720.
20
Calculate the highest common factor of 21 and 299271.
21
Calculate the highest common factor of 44566932 and 342.
114
Calculate the greatest common divisor of 3983082 and 9814.
1402
Calculate the greatest common divisor of 85 and 163872129.
17
Calculate the greatest common divisor of 24223853 and 2921.
2921
Calculate the highest common factor of 426 and 125074310.
142
What is the greatest common divisor of 42833847 and 114?
57
Calculate the greatest common factor of 1050 and 153705.
15
Calculate the greatest common divisor of 15 and 314065.
5
Calculate the greatest common divisor of 34332 and 102.
6
Calculate the greatest common factor of 452269654 and 874.
874
What is the greatest common divisor of 1034 and 211542958?
1034
Calculate the greatest common factor of 101659572 and 12654.
666
Calculate the highest common factor of 30 and 718194.
6
Calculate the highest common factor of 842 and 472913089.
421
What is the greatest common factor of 128472 and 123321?
303
What is the highest common divisor of 3370928 and 61039?
1969
What is the highest common divisor of 132 and 53540124?
132
Calculate the highest common divisor of 2700296 and 732.
4
Calculate the greatest common divisor of 2772 and 4685769396.
2772
Calculate the highest common factor of 200 and 108072970.
10
What is the greatest common factor of 124 and 77352502?
62
What is the greatest common factor of 184860 and 1746?
18
What is the highest common factor of 14783274 and 2178?
198
Calculate the greatest common divisor of 634499385 and 65.
65
What is the greatest common divisor of 609715 and 38997?
619
Calculate the highest common factor of 13543072 and 32.
32
What is the highest common divisor of 60 and 110966880?
60
What is the greatest common factor of 6795295 and 260?
65
Calculate the greatest common factor of 2543305 and 35.
5
What is the greatest common divisor of 15576 and 4466064?
1416
What is the greatest common divisor of 14359 and 146329?
83
Calculate the highest common factor of 9 and 275019.
3
What is the highest common factor of 2948400 and 60600?
600
Calculate the highest common factor of 2232 and 28880964.
1116
What is the highest common divisor of 14 and 19074706?
14
What is the greatest common divisor of 9576 and 1774904?
152
Calculate the greatest common divisor of 675976984 and 2584.
2584
What is the highest common factor of 4512475 and 322080?
3355
Calculate the highest common divisor of 351788 and 1116.
124
What is the highest common factor of 151936 and 2336?
32
Calculate the highest common divisor of 463718 and 332.
2
What is the highest common factor of 72 and 18072036?
36
Calculate the greatest common divisor of 44 and 63209806.
22
Calculate the highest common factor of 651594 and 477102.
786
Calculate the highest common divisor of 1285860 and 104400.
1740
Calculate the highest common factor of 61088 and 4352.
32
What is the highest common divisor of 804046300 and 500?
100
What is the highest common factor of 3151408 and 1251?
139
Calculate the highest common divisor of 118766 and 1331284.
2762
Calculate the greatest common divisor of 2 and 1341226.
2
Calculate the highest common factor of 36308 and 1197538.
626
Calculate the greatest common divisor of 46351217 and 33.
11
